[INFO] cloning repository https://github.com/Seasons-of-Rust/sor-lab-4-AbbyIbrahim
[INFO] running `Command { std: "git" "-c" "credential.helper=" "-c" "credential.helper=/workspace/cargo-home/bin/git-credential-null" "clone" "--bare" "https://github.com/Seasons-of-Rust/sor-lab-4-AbbyIbrahim" "/workspace/cache/git-repos/https%3A%2F%2Fgithub.com%2FSeasons-of-Rust%2Fsor-lab-4-AbbyIbrahim", kill_on_drop: false }`
[INFO] [stderr] Cloning into bare repository '/workspace/cache/git-repos/https%3A%2F%2Fgithub.com%2FSeasons-of-Rust%2Fsor-lab-4-AbbyIbrahim'...
[INFO] running `Command { std: "git" "rev-parse" "HEAD", kill_on_drop: false }`
[INFO] [stdout] e4cee83fe2ca492e157b6e7fb4ae92743e13993b
[INFO] checking Seasons-of-Rust/sor-lab-4-AbbyIbrahim against master#e6e4f7ed1589e03bc2f6c5931c1a72e7947e8682 for beta-170-4
[INFO] running `Command { std: "git" "clone" "/workspace/cache/git-repos/https%3A%2F%2Fgithub.com%2FSeasons-of-Rust%2Fsor-lab-4-AbbyIbrahim" "/workspace/builds/worker-6-tc2/source", kill_on_drop: false }`
[INFO] [stderr] Cloning into '/workspace/builds/worker-6-tc2/source'...
[INFO] [stderr] done.
[INFO] validating manifest of git repo https://github.com/Seasons-of-Rust/sor-lab-4-AbbyIbrahim on toolchain e6e4f7ed1589e03bc2f6c5931c1a72e7947e8682
[INFO] running `Command { std: CARGO_HOME="/workspace/cargo-home" RUSTUP_HOME="/workspace/rustup-home" "/workspace/cargo-home/bin/cargo" "+e6e4f7ed1589e03bc2f6c5931c1a72e7947e8682" "metadata" "--manifest-path" "Cargo.toml" "--no-deps", kill_on_drop: false }`
[INFO] started tweaking git repo https://github.com/Seasons-of-Rust/sor-lab-4-AbbyIbrahim
[INFO] finished tweaking git repo https://github.com/Seasons-of-Rust/sor-lab-4-AbbyIbrahim
[INFO] tweaked toml for git repo https://github.com/Seasons-of-Rust/sor-lab-4-AbbyIbrahim written to /workspace/builds/worker-6-tc2/source/Cargo.toml
[INFO] crate git repo https://github.com/Seasons-of-Rust/sor-lab-4-AbbyIbrahim already has a lockfile, it will not be regenerated
[INFO] running `Command { std: CARGO_HOME="/workspace/cargo-home" RUSTUP_HOME="/workspace/rustup-home" "/workspace/cargo-home/bin/cargo" "+e6e4f7ed1589e03bc2f6c5931c1a72e7947e8682" "fetch" "--manifest-path" "Cargo.toml", kill_on_drop: false }`
[INFO] running `Command { std: "docker" "create" "-v" "/var/lib/crater-agent-workspace/builds/worker-6-tc2/target:/opt/rustwide/target:rw,Z" "-v" "/var/lib/crater-agent-workspace/builds/worker-6-tc2/source:/opt/rustwide/workdir:ro,Z" "-v" "/var/lib/crater-agent-workspace/cargo-home:/opt/rustwide/cargo-home:ro,Z" "-v" "/var/lib/crater-agent-workspace/rustup-home:/opt/rustwide/rustup-home:ro,Z" "-e" "SOURCE_DIR=/opt/rustwide/workdir" "-e" "CARGO_TARGET_DIR=/opt/rustwide/target" "-e" "CARGO_HOME=/opt/rustwide/cargo-home" "-e" "RUSTUP_HOME=/opt/rustwide/rustup-home" "-w" "/opt/rustwide/workdir" "-m" "1610612736" "--user" "0:0" "--network" "none" "ghcr.io/rust-lang/crates-build-env/linux@sha256:19e73879b68f455e41552ea35293514db52ea292d993f571636dbffedb77a1ee" "/opt/rustwide/cargo-home/bin/cargo" "+e6e4f7ed1589e03bc2f6c5931c1a72e7947e8682" "metadata" "--no-deps" "--format-version=1", kill_on_drop: false }`
[INFO] [stdout] ada927fef8f655de6e6ac78d3153514f1a6cf87090d83b8c392dda592af45d46
[INFO] running `Command { std: "docker" "start" "-a" "ada927fef8f655de6e6ac78d3153514f1a6cf87090d83b8c392dda592af45d46", kill_on_drop: false }`
[INFO] running `Command { std: "docker" "inspect" "ada927fef8f655de6e6ac78d3153514f1a6cf87090d83b8c392dda592af45d46", kill_on_drop: false }`
[INFO] running `Command { std: "docker" "rm" "-f" "ada927fef8f655de6e6ac78d3153514f1a6cf87090d83b8c392dda592af45d46", kill_on_drop: false }`
[INFO] [stdout] ada927fef8f655de6e6ac78d3153514f1a6cf87090d83b8c392dda592af45d46
[INFO] running `Command { std: "docker" "create" "-v" "/var/lib/crater-agent-workspace/builds/worker-6-tc2/target:/opt/rustwide/target:rw,Z" "-v" "/var/lib/crater-agent-workspace/builds/worker-6-tc2/source:/opt/rustwide/workdir:ro,Z" "-v" "/var/lib/crater-agent-workspace/cargo-home:/opt/rustwide/cargo-home:ro,Z" "-v" "/var/lib/crater-agent-workspace/rustup-home:/opt/rustwide/rustup-home:ro,Z" "-e" "SOURCE_DIR=/opt/rustwide/workdir" "-e" "CARGO_TARGET_DIR=/opt/rustwide/target" "-e" "CARGO_INCREMENTAL=0" "-e" "RUST_BACKTRACE=full" "-e" "RUSTFLAGS=--cap-lints=forbid" "-e" "RUSTDOCFLAGS=--cap-lints=forbid" "-e" "CARGO_HOME=/opt/rustwide/cargo-home" "-e" "RUSTUP_HOME=/opt/rustwide/rustup-home" "-w" "/opt/rustwide/workdir" "-m" "1610612736" "--user" "0:0" "--network" "none" "ghcr.io/rust-lang/crates-build-env/linux@sha256:19e73879b68f455e41552ea35293514db52ea292d993f571636dbffedb77a1ee" "/opt/rustwide/cargo-home/bin/cargo" "+e6e4f7ed1589e03bc2f6c5931c1a72e7947e8682" "check" "--frozen" "--all" "--all-targets" "--message-format=json", kill_on_drop: false }`
[INFO] [stdout] b61903e5f882eedd3c4e6d3381c6566a5e570048a07a29fbc4ce22aa815bc58e
[INFO] running `Command { std: "docker" "start" "-a" "b61903e5f882eedd3c4e6d3381c6566a5e570048a07a29fbc4ce22aa815bc58e", kill_on_drop: false }`
[INFO] [stderr]    Compiling libc v0.2.125
[INFO] [stderr]     Checking ppv-lite86 v0.2.16
[INFO] [stderr]     Checking getrandom v0.2.6
[INFO] [stderr]     Checking rand_core v0.6.3
[INFO] [stderr]     Checking rand_chacha v0.3.1
[INFO] [stderr]     Checking rand v0.8.5
[INFO] [stderr]     Checking sor-lab-4 v0.1.0 (/opt/rustwide/workdir)
[INFO] [stdout] error[E0599]: no variant or associated item named `Win` found for enum `FightResult` in the current scope
[INFO] [stdout]   --> src/card.rs:25:26
[INFO] [stdout]    |
[INFO] [stdout] 25 |             FightResult::Win => println!("{} wins!", self),
[INFO] [stdout]    |                          ^^^ variant or associated item not found in `FightResult`
[INFO] [stdout]    |
[INFO] [stdout]   ::: src/main.rs:12:1
[INFO] [stdout]    |
[INFO] [stdout] 12 | pub enum FightResult {
[INFO] [stdout]    | -------------------- variant or associated item `Win` not found for this enum
[INFO] [stdout] 
[INFO] [stdout] 
[INFO] [stdout] error[E0599]: no variant or associated item named `Loss` found for enum `FightResult` in the current scope
[INFO] [stdout]   --> src/card.rs:26:26
[INFO] [stdout]    |
[INFO] [stdout] 26 |             FightResult::Loss => println!("{} wins!", other),
[INFO] [stdout]    |                          ^^^^ variant or associated item not found in `FightResult`
[INFO] [stdout]    |
[INFO] [stdout]   ::: src/main.rs:12:1
[INFO] [stdout]    |
[INFO] [stdout] 12 | pub enum FightResult {
[INFO] [stdout]    | -------------------- variant or associated item `Loss` not found for this enum
[INFO] [stdout] 
[INFO] [stdout] 
[INFO] [stdout] error[E0599]: no variant or associated item named `Tie` found for enum `FightResult` in the current scope
[INFO] [stdout]   --> src/card.rs:27:26
[INFO] [stdout]    |
[INFO] [stdout] 27 |             FightResult::Tie => println!("It's a tie!"),
[INFO] [stdout]    |                          ^^^ variant or associated item not found in `FightResult`
[INFO] [stdout]    |
[INFO] [stdout]   ::: src/main.rs:12:1
[INFO] [stdout]    |
[INFO] [stdout] 12 | pub enum FightResult {
[INFO] [stdout]    | -------------------- variant or associated item `Tie` not found for this enum
[INFO] [stdout] 
[INFO] [stdout] 
[INFO] [stdout] error[E0599]: no variant or associated item named `Draw` found for enum `FightResult` in the current scope
[INFO] [stdout]   --> src/card.rs:28:26
[INFO] [stdout]    |
[INFO] [stdout] 28 |             FightResult::Draw => println!("It's a draw!"),
[INFO] [stdout]    |                          ^^^^ variant or associated item not found in `FightResult`
[INFO] [stdout]    |
[INFO] [stdout]   ::: src/main.rs:12:1
[INFO] [stdout]    |
[INFO] [stdout] 12 | pub enum FightResult {
[INFO] [stdout]    | -------------------- variant or associated item `Draw` not found for this enum
[INFO] [stdout] 
[INFO] [stdout] 
[INFO] [stdout] error[E0599]: no variant or associated item named `Win` found for enum `FightResult` in the current scope
[INFO] [stdout]   --> src/card.rs:25:26
[INFO] [stdout]    |
[INFO] [stdout] 25 |             FightResult::Win => println!("{} wins!", self),
[INFO] [stdout]    |                          ^^^ variant or associated item not found in `FightResult`
[INFO] [stdout]    |
[INFO] [stdout]   ::: src/main.rs:12:1
[INFO] [stdout]    |
[INFO] [stdout] 12 | pub enum FightResult {
[INFO] [stdout]    | -------------------- variant or associated item `Win` not found for this enum
[INFO] [stdout] 
[INFO] [stdout] 
[INFO] [stdout] error[E0599]: no variant or associated item named `Loss` found for enum `FightResult` in the current scope
[INFO] [stdout]   --> src/card.rs:26:26
[INFO] [stdout]    |
[INFO] [stdout] 26 |             FightResult::Loss => println!("{} wins!", other),
[INFO] [stdout]    |                          ^^^^ variant or associated item not found in `FightResult`
[INFO] [stdout]    |
[INFO] [stdout]   ::: src/main.rs:12:1
[INFO] [stdout]    |
[INFO] [stdout] 12 | pub enum FightResult {
[INFO] [stdout]    | -------------------- variant or associated item `Loss` not found for this enum
[INFO] [stdout] 
[INFO] [stdout] 
[INFO] [stdout] error[E0599]: no variant or associated item named `Win` found for enum `FightResult` in the current scope
[INFO] [stdout]   --> src/main.rs:37:49
[INFO] [stdout]    |
[INFO] [stdout] 12 | pub enum FightResult {
[INFO] [stdout]    | -------------------- variant or associated item `Win` not found for this enum
[INFO] [stdout] ...
[INFO] [stdout] 37 |     assert!(matches!(fight_result, FightResult::Win));
[INFO] [stdout]    |                                                 ^^^ variant or associated item not found in `FightResult`
[INFO] [stdout] 
[INFO] [stdout] 
[INFO] [stdout] error[E0599]: no variant or associated item named `Tie` found for enum `FightResult` in the current scope
[INFO] [stdout]   --> src/card.rs:27:26
[INFO] [stdout]    |
[INFO] [stdout] 27 |             FightResult::Tie => println!("It's a tie!"),
[INFO] [stdout]    |                          ^^^ variant or associated item not found in `FightResult`
[INFO] [stdout]    |
[INFO] [stdout]   ::: src/main.rs:12:1
[INFO] [stdout]    |
[INFO] [stdout] 12 | pub enum FightResult {
[INFO] [stdout]    | -------------------- variant or associated item `Tie` not found for this enum
[INFO] [stdout] 
[INFO] [stdout] 
[INFO] [stdout] error[E0599]: no variant or associated item named `Draw` found for enum `FightResult` in the current scope
[INFO] [stdout]   --> src/card.rs:28:26
[INFO] [stdout]    |
[INFO] [stdout] 28 |             FightResult::Draw => println!("It's a draw!"),
[INFO] [stdout]    |                          ^^^^ variant or associated item not found in `FightResult`
[INFO] [stdout]    |
[INFO] [stdout]   ::: src/main.rs:12:1
[INFO] [stdout]    |
[INFO] [stdout] 12 | pub enum FightResult {
[INFO] [stdout]    | -------------------- variant or associated item `Draw` not found for this enum
[INFO] [stdout] 
[INFO] [stdout] 
[INFO] [stdout] error[E0599]: no variant or associated item named `Tie` found for enum `FightResult` in the current scope
[INFO] [stdout]   --> src/main.rs:42:49
[INFO] [stdout]    |
[INFO] [stdout] 12 | pub enum FightResult {
[INFO] [stdout]    | -------------------- variant or associated item `Tie` not found for this enum
[INFO] [stdout] ...
[INFO] [stdout] 42 |     assert!(matches!(fight_result, FightResult::Tie));
[INFO] [stdout]    |                                                 ^^^ variant or associated item not found in `FightResult`
[INFO] [stdout] 
[INFO] [stdout] 
[INFO] [stdout] error[E0599]: no variant or associated item named `Loss` found for enum `FightResult` in the current scope
[INFO] [stdout]   --> src/main.rs:47:49
[INFO] [stdout]    |
[INFO] [stdout] 12 | pub enum FightResult {
[INFO] [stdout]    | -------------------- variant or associated item `Loss` not found for this enum
[INFO] [stdout] ...
[INFO] [stdout] 47 |     assert!(matches!(fight_result, FightResult::Loss));
[INFO] [stdout]    |                                                 ^^^^ variant or associated item not found in `FightResult`
[INFO] [stdout] 
[INFO] [stdout] 
[INFO] [stdout] error[E0599]: no variant or associated item named `Win` found for enum `FightResult` in the current scope
[INFO] [stdout]   --> src/main.rs:89:22
[INFO] [stdout]    |
[INFO] [stdout] 12 | pub enum FightResult {
[INFO] [stdout]    | -------------------- variant or associated item `Win` not found for this enum
[INFO] [stdout] ...
[INFO] [stdout] 89 |         FightResult::Win => println!("SHOP 1 WINS!"),
[INFO] [stdout]    |                      ^^^ variant or associated item not found in `FightResult`
[INFO] [stdout] 
[INFO] [stdout] 
[INFO] [stdout] error[E0599]: no variant or associated item named `Loss` found for enum `FightResult` in the current scope
[INFO] [stdout]   --> src/main.rs:90:22
[INFO] [stdout]    |
[INFO] [stdout] 12 | pub enum FightResult {
[INFO] [stdout]    | -------------------- variant or associated item `Loss` not found for this enum
[INFO] [stdout] ...
[INFO] [stdout] 90 |         FightResult::Loss => println!("SHOP 2 WINS!"),
[INFO] [stdout]    |                      ^^^^ variant or associated item not found in `FightResult`
[INFO] [stdout] 
[INFO] [stdout] 
[INFO] [stdout] error[E0599]: no variant or associated item named `Win` found for enum `FightResult` in the current scope
[INFO] [stdout]   --> src/main.rs:37:49
[INFO] [stdout]    |
[INFO] [stdout] 12 | pub enum FightResult {
[INFO] [stdout]    | -------------------- variant or associated item `Win` not found for this enum
[INFO] [stdout] ...
[INFO] [stdout] 37 |     assert!(matches!(fight_result, FightResult::Win));
[INFO] [stdout]    |                                                 ^^^ variant or associated item not found in `FightResult`
[INFO] [stdout] 
[INFO] [stdout] 
[INFO] [stdout] error[E0599]: no variant or associated item named `Tie` found for enum `FightResult` in the current scope
[INFO] [stdout]   --> src/main.rs:91:22
[INFO] [stdout]    |
[INFO] [stdout] 12 | pub enum FightResult {
[INFO] [stdout]    | -------------------- variant or associated item `Tie` not found for this enum
[INFO] [stdout] ...
[INFO] [stdout] 91 |         FightResult::Tie => println!("IT'S A TIE!"),
[INFO] [stdout]    |                      ^^^ variant or associated item not found in `FightResult`
[INFO] [stdout] 
[INFO] [stdout] 
[INFO] [stdout] error[E0599]: no variant or associated item named `Tie` found for enum `FightResult` in the current scope
[INFO] [stdout]   --> src/main.rs:42:49
[INFO] [stdout]    |
[INFO] [stdout] 12 | pub enum FightResult {
[INFO] [stdout]    | -------------------- variant or associated item `Tie` not found for this enum
[INFO] [stdout] ...
[INFO] [stdout] 42 |     assert!(matches!(fight_result, FightResult::Tie));
[INFO] [stdout]    |                                                 ^^^ variant or associated item not found in `FightResult`
[INFO] [stdout] 
[INFO] [stdout] 
[INFO] [stdout] error[E0599]: no variant or associated item named `Loss` found for enum `FightResult` in the current scope
[INFO] [stdout]   --> src/main.rs:47:49
[INFO] [stdout]    |
[INFO] [stdout] 12 | pub enum FightResult {
[INFO] [stdout]    | -------------------- variant or associated item `Loss` not found for this enum
[INFO] [stdout] ...
[INFO] [stdout] 47 |     assert!(matches!(fight_result, FightResult::Loss));
[INFO] [stdout]    |                                                 ^^^^ variant or associated item not found in `FightResult`
[INFO] [stdout] 
[INFO] [stdout] 
[INFO] [stdout] error: aborting due to 10 previous errors
[INFO] [stdout] 
[INFO] [stdout] 
[INFO] [stdout] For more information about this error, try `rustc --explain E0599`.
[INFO] [stdout] 
[INFO] [stdout] error[E0599]: no variant or associated item named `Win` found for enum `FightResult` in the current scope
[INFO] [stdout]   --> src/main.rs:89:22
[INFO] [stdout]    |
[INFO] [stdout] 12 | pub enum FightResult {
[INFO] [stdout]    | -------------------- variant or associated item `Win` not found for this enum
[INFO] [stdout] ...
[INFO] [stdout] 89 |         FightResult::Win => println!("SHOP 1 WINS!"),
[INFO] [stdout]    |                      ^^^ variant or associated item not found in `FightResult`
[INFO] [stdout] 
[INFO] [stdout] 
[INFO] [stdout] error[E0599]: no variant or associated item named `Loss` found for enum `FightResult` in the current scope
[INFO] [stdout]   --> src/main.rs:90:22
[INFO] [stdout]    |
[INFO] [stdout] 12 | pub enum FightResult {
[INFO] [stdout]    | -------------------- variant or associated item `Loss` not found for this enum
[INFO] [stdout] ...
[INFO] [stdout] 90 |         FightResult::Loss => println!("SHOP 2 WINS!"),
[INFO] [stdout]    |                      ^^^^ variant or associated item not found in `FightResult`
[INFO] [stdout] 
[INFO] [stdout] 
[INFO] [stdout] error[E0599]: no variant or associated item named `Tie` found for enum `FightResult` in the current scope
[INFO] [stdout]   --> src/main.rs:91:22
[INFO] [stdout]    |
[INFO] [stdout] 12 | pub enum FightResult {
[INFO] [stdout]    | -------------------- variant or associated item `Tie` not found for this enum
[INFO] [stdout] ...
[INFO] [stdout] 91 |         FightResult::Tie => println!("IT'S A TIE!"),
[INFO] [stdout]    |                      ^^^ variant or associated item not found in `FightResult`
[INFO] [stdout] 
[INFO] [stdout] 
[INFO] [stdout] error[E0599]: no variant or associated item named `Tie` found for enum `FightResult` in the current scope
[INFO] [stdout]   --> src/test.rs:52:56
[INFO] [stdout]    |
[INFO] [stdout] 52 |     assert!(matches!(card1.fight(&card2), FightResult::Tie));
[INFO] [stdout]    |                                                        ^^^ variant or associated item not found in `FightResult`
[INFO] [stdout]    |
[INFO] [stdout]   ::: src/main.rs:12:1
[INFO] [stdout]    |
[INFO] [stdout] 12 | pub enum FightResult {
[INFO] [stdout]    | -------------------- variant or associated item `Tie` not found for this enum
[INFO] [stdout] 
[INFO] [stdout] 
[INFO] [stdout] error[E0599]: no variant or associated item named `Draw` found for enum `FightResult` in the current scope
[INFO] [stdout]   --> src/test.rs:69:56
[INFO] [stdout]    |
[INFO] [stdout] 69 |     assert!(matches!(card1.fight(&card2), FightResult::Draw));
[INFO] [stdout]    |                                                        ^^^^ variant or associated item not found in `FightResult`
[INFO] [stdout]    |
[INFO] [stdout]   ::: src/main.rs:12:1
[INFO] [stdout]    |
[INFO] [stdout] 12 | pub enum FightResult {
[INFO] [stdout]    | -------------------- variant or associated item `Draw` not found for this enum
[INFO] [stdout] 
[INFO] [stdout] 
[INFO] [stdout] error[E0599]: no variant or associated item named `Win` found for enum `FightResult` in the current scope
[INFO] [stdout]   --> src/test.rs:86:56
[INFO] [stdout]    |
[INFO] [stdout] 86 |     assert!(matches!(card1.fight(&card2), FightResult::Win));
[INFO] [stdout]    |                                                        ^^^ variant or associated item not found in `FightResult`
[INFO] [stdout]    |
[INFO] [stdout]   ::: src/main.rs:12:1
[INFO] [stdout]    |
[INFO] [stdout] 12 | pub enum FightResult {
[INFO] [stdout]    | -------------------- variant or associated item `Win` not found for this enum
[INFO] [stdout] 
[INFO] [stdout] 
[INFO] [stdout] error[E0599]: no variant or associated item named `Loss` found for enum `FightResult` in the current scope
[INFO] [stdout]    --> src/test.rs:103:56
[INFO] [stdout]     |
[INFO] [stdout] 103 |     assert!(matches!(card1.fight(&card2), FightResult::Loss));
[INFO] [stdout]     |                                                        ^^^^ variant or associated item not found in `FightResult`
[INFO] [stdout]     |
[INFO] [stdout]    ::: src/main.rs:12:1
[INFO] [stdout]     |
[INFO] [stdout] 12  | pub enum FightResult {
[INFO] [stdout]     | -------------------- variant or associated item `Loss` not found for this enum
[INFO] [stdout] 
[INFO] [stdout] 
[INFO] [stderr] error: could not compile `sor-lab-4` (bin "sor-lab-4") due to 11 previous errors
[INFO] [stderr] warning: build failed, waiting for other jobs to finish...
[INFO] [stdout] error[E0599]: no variant or associated item named `Tie` found for enum `FightResult` in the current scope
[INFO] [stdout]    --> src/test.rs:184:62
[INFO] [stdout]     |
[INFO] [stdout] 184 |     assert!(matches!(shop1.fight_store(&shop2), FightResult::Tie));
[INFO] [stdout]     |                                                              ^^^ variant or associated item not found in `FightResult`
[INFO] [stdout]     |
[INFO] [stdout]    ::: src/main.rs:12:1
[INFO] [stdout]     |
[INFO] [stdout] 12  | pub enum FightResult {
[INFO] [stdout]     | -------------------- variant or associated item `Tie` not found for this enum
[INFO] [stdout] 
[INFO] [stdout] 
[INFO] [stdout] error[E0599]: no variant or associated item named `Win` found for enum `FightResult` in the current scope
[INFO] [stdout]    --> src/test.rs:219:62
[INFO] [stdout]     |
[INFO] [stdout] 219 |     assert!(matches!(shop1.fight_store(&shop2), FightResult::Win));
[INFO] [stdout]     |                                                              ^^^ variant or associated item not found in `FightResult`
[INFO] [stdout]     |
[INFO] [stdout]    ::: src/main.rs:12:1
[INFO] [stdout]     |
[INFO] [stdout] 12  | pub enum FightResult {
[INFO] [stdout]     | -------------------- variant or associated item `Win` not found for this enum
[INFO] [stdout] 
[INFO] [stdout] 
[INFO] [stdout] error[E0599]: no variant or associated item named `Loss` found for enum `FightResult` in the current scope
[INFO] [stdout]    --> src/test.rs:254:62
[INFO] [stdout]     |
[INFO] [stdout] 254 |     assert!(matches!(shop1.fight_store(&shop2), FightResult::Loss));
[INFO] [stdout]     |                                                              ^^^^ variant or associated item not found in `FightResult`
[INFO] [stdout]     |
[INFO] [stdout]    ::: src/main.rs:12:1
[INFO] [stdout]     |
[INFO] [stdout] 12  | pub enum FightResult {
[INFO] [stdout]     | -------------------- variant or associated item `Loss` not found for this enum
[INFO] [stdout] 
[INFO] [stdout] 
[INFO] [stdout] error[E0599]: no variant or associated item named `Tie` found for enum `FightResult` in the current scope
[INFO] [stdout]    --> src/test.rs:289:62
[INFO] [stdout]     |
[INFO] [stdout] 289 |     assert!(matches!(shop1.fight_store(&shop2), FightResult::Tie));
[INFO] [stdout]     |                                                              ^^^ variant or associated item not found in `FightResult`
[INFO] [stdout]     |
[INFO] [stdout]    ::: src/main.rs:12:1
[INFO] [stdout]     |
[INFO] [stdout] 12  | pub enum FightResult {
[INFO] [stdout]     | -------------------- variant or associated item `Tie` not found for this enum
[INFO] [stdout] 
[INFO] [stdout] 
[INFO] [stdout] error[E0599]: no variant or associated item named `Loss` found for enum `FightResult` in the current scope
[INFO] [stdout]    --> src/test.rs:314:62
[INFO] [stdout]     |
[INFO] [stdout] 314 |     assert!(matches!(shop1.fight_store(&shop2), FightResult::Loss));
[INFO] [stdout]     |                                                              ^^^^ variant or associated item not found in `FightResult`
[INFO] [stdout]     |
[INFO] [stdout]    ::: src/main.rs:12:1
[INFO] [stdout]     |
[INFO] [stdout] 12  | pub enum FightResult {
[INFO] [stdout]     | -------------------- variant or associated item `Loss` not found for this enum
[INFO] [stdout] 
[INFO] [stdout] 
[INFO] [stdout] error: aborting due to 19 previous errors
[INFO] [stdout] 
[INFO] [stdout] 
[INFO] [stdout] For more information about this error, try `rustc --explain E0599`.
[INFO] [stdout] 
[INFO] [stderr] error: could not compile `sor-lab-4` (bin "sor-lab-4" test) due to 20 previous errors
[INFO] running `Command { std: "docker" "inspect" "b61903e5f882eedd3c4e6d3381c6566a5e570048a07a29fbc4ce22aa815bc58e", kill_on_drop: false }`
[INFO] running `Command { std: "docker" "rm" "-f" "b61903e5f882eedd3c4e6d3381c6566a5e570048a07a29fbc4ce22aa815bc58e", kill_on_drop: false }`
[INFO] [stdout] b61903e5f882eedd3c4e6d3381c6566a5e570048a07a29fbc4ce22aa815bc58e
